ltiple of 208?
True
Is 9978 a multiple of 7?
False
Is 23518839 a multiple of 71?
False
Does 5 divide 4478127?
False
Is 7645600 a multiple of 4024?
True
Is 10481 a factor of 1655400583?
True
Is 804 a factor of 49413840?
True
Is 6469910 a multiple of 9?
False
Does 560 divide 35543200?
True
Is 71 a factor of 263716791?
True
Is 69 a factor of 29282772?
True
Does 1201 divide 231014752?
True
Does 11214 divide 2007451782?
True
Is 1547 a factor of 233265942?
True
Is 111 a factor of 1442667?
True
Is 8 a factor of 163838856?
True
Does 290 divide 61959335?
False
Is 1942520227 a multiple of 617?
True
Is 4077565216 a multiple of 1059?
False
Is 3455815 a multiple of 6?
False
Is 1707747546 a multiple of 51?
True
Does 2827 divide 1646752943?
True
Is 211914519 a multiple of 590?
False
Is 1298537008 a multiple of 8?
True
Is 85 a factor of 1003340?
True
Does 821 divide 1575608193?
True
Is 1690 a factor of 48596468?
False
Does 88 divide 152049120?
False
Is 4 a factor of 78173098?
False
Is 42367895 a multiple of 689?
False
Does 555 divide 55877955?
True
Is 375 a factor of 52467750?
True
Is 24 a factor of 5665296?
True
Is 181264020 a multiple of 7?
True
Is 16820740 a multiple of 8?
False
Is 5797784 a multiple of 78?
False
Is 265573008 a multiple of 318?
False
Is 965791240 a multiple of 40?
True
Does 7 divide 157607265?
False
Is 11107065 even?
False
Is 318313556 a multiple of 430?
False
Does 123 divide 53269332?
True
Is 19747989 a multiple of 1293?
True
Is 337719 a multiple of 12?
False
Does 2507 divide 204618833?
True
Is 96 a factor of 26354208?
True
Does 14 divide 45538382?
False
Does 23 divide 371886?
False
Does 19 divide 223217073?
True
Does 145 divide 2435032560?
True
Does 230 divide 633223580?
True
Is 346 a factor of 763534994?
False
Is 69386814 a multiple of 7?
True
Is 17 a factor of 132372132?
True
Is 12 a factor of 3757552198?
False
Is 20402244 a multiple of 102?
True
Is 796839832 a multiple of 3524?
True
Is 187 a factor of 3175344173?
False
Does 35 divide 20794690?
True
Is 390 a factor of 257347582?
False
Does 38 divide 39360172?
True
Is 7 a factor of 104692987?
True
Is 975 a factor of 843423448?
False
Is 379 a factor of 591231662?
True
Is 3 a factor of 26906991?
True
Does 7 divide 2130384861?
False
Does 60 divide 3265620?
True
Does 794 divide 460987666?
True
Is 649133107 a multiple of 8267?
True
Does 4948 divide 87614236?
True
Does 776 divide 138313544?
False
Is 169 a factor of 1656123256?
False
Is 533 a factor of 948192467?
False
Does 198 divide 120341430?
True
Does 1429 divide 3048057?
True
Does 160 divide 10901600?
True
Does 5474 divide 183858545?
False
Is 185 a factor of 851207873?
False
Is 83 a factor of 29923492?
True
Is 7358976 a multiple of 96?
True
Does 1886 divide 20765690?
False
Does 196 divide 15880966?
False
Is 74 a factor of 421490263?
False
Is 42 a factor of 38630306?
False
Does 611 divide 13330798?
True
Is 14 a factor of 200746548?
False
Is 201266230 a multiple of 2503?
True
Does 199 divide 58051307?
False
Is 68 a factor of 11718973?
False
Is 107 a factor of 212396498?
True
Does 62 divide 3522653?
False
Is 1943029 a multiple of 29?
True
Is 11 a factor of 69055382?
True
Is 1059181 a multiple of 34?
False
Is 19826956 a multiple of 16?
False
Is 1464 a factor of 23791122?
False
Does 543 divide 229227450?
True
Does 323 divide 1598013788?
False
Is 115776104 a multiple of 2?
True
Does 12 divide 5981665?
False
Is 20 a factor of 49394840?
True
Is 3608 a factor of 1125296?
False
Is 21509913 a multiple of 1615?
False
Does 6978 divide 1340655228?
True
Is 159 a factor of 804783610?
False
Is 1857686886 a multiple of 151?
False
Is 66658672 a multiple of 3?
False
Is 79618643 a multiple of 13?
True
Is 5 a factor of 321473210?
True
Is 102 a factor of 425758608?
True
Does 438 divide 404713464?
False
Does 701 divide 526401930?
True
Is 98827766 a multiple of 226?
True
Does 5699 divide 395737671?
False
Is 263 a factor of 251480600?
True
Does 12 divide 2373552?
True
Is 22858935 a multiple of 123?
True
Is 2188807 a multiple of 2?
False
Is 230 a factor of 5168771?
False
Is 5776472127 a multiple of 19?
False
Is 40217040 a multiple of 90?
True
Does 12 divide 109503695?
False
Is 19 a factor of 3600728?
True
Is 4 a factor of 27053601?
False
Is 510 a factor of 121367760?
True
Is 31 a factor of 69587022?
False
Is 6542 a factor of 280089719?
False
Is 18 a factor of 89245976?
False
Does 1242 divide 2918189380?
False
Does 448 divide 1353805392?
False
Is 159956960 a multiple of 429?
False
Is 83064832 a multiple of 1024?
True
Is 11 a factor of 74630315?
False
Is 967478359 a multiple of 15?
False
Does 474 divide 2150901908?
False
Does 538 divide 3764245044?
True
Does 14 divide 281206758?
True
Is 8658199 a multiple of 517?
True
Is 573223 a multiple of 1035?
False
Is 1207902414 a multiple of 362?
True
Is 79 a factor of 2321803206?
True
Does 113 divide 71188270?
False
Does 318 divide 2358606?
True
Is 64186719 a multiple of 19?
False
Does 651 divide 41829354?
True
Is 125 a factor of 218057375?
True
Is 75142748 a multiple of 210?
False
Does 167 divide 4449279?
False
Does 1391 divide 477865531?
True
Is 245812256 a multiple of 3704?
True
Is 1553 a factor of 32328801?
True
Is 65252607 a multiple of 690?
False
Is 39676644 a multiple of 252?
True
Is 99782075 a multiple of 173?
True
Is 747 a factor of 2639714985?
True
Is 6391 a factor of 2086054355?
True
Does 11 divide 724948?
False
Does 18 divide 232553376?
True
Is 23637465 a multiple of 435?
True
Does 259 divide 61633453?
True
Is 984119444 a multiple of 154?
True
Is 17885974 a multiple of 89?
True
Is 26 a factor of 11940658?
False
Is 35 a factor of 29085700?
True
Does 90 divide 35220420?
True
Is 16 a factor of 102261488?
True
Is 13 a factor of 101375144?
True
Is 359442914 a multiple of 14?
False
Is 5 a factor of 29752968?
False
Does 71 divide 10001627?
False
Is 46829370 a multiple of 284?
False
Is 10 a factor of 1620379286?
False
Is 157184046 a multiple of 14?
False
Is 226846801 a multiple of 43?
True
Is 232 a factor of 171572626?
False
Does 1962 divide 537960450?
False
Is 64147132 a multiple of 34?
False
Is 80351009 a multiple of 350?
False
Does 1794 divide 3175380?
True
Is 22251765 a multiple of 1684?
False
Is 192238557 a multiple of 4?
False
Is 990022333 a multiple of 14?
False
Is 387 a factor of 8011896?
False
Is 601616822 a multiple of 5945?
False
Does 431 divide 416040852?
True
Does 93 divide 9759708?
False
Does 48 divide 1514160?
True
Is 837743125 a multiple of 27?
False
Is 11826028 a multiple of 8?
False
Does 11287 divide 1720806858?
False
Is 2666954160 a multiple of 48?
True
Is 106342449 a multiple of 19?
True
Is 23 a factor of 101745321?
False
Is 8193 a factor of 269590665?
True
Does 5 divide 249680755?
True
Is 12819378 a multiple of 78?
True
Is 1120 a factor of 25674880?
True
Is 400121140 a multiple of 10?
True
Does 10 divide 12704050?
True
Does 396 divide 2139899652?
True
Is 96 a factor of 3733422?
False
Is 11296806 a multiple of 17?
True
Is 13 a factor of 451589580?
True
Is 273 a factor of 29962222?
False
Is 173 a factor of 74691020?
True
Is 2116047 a multiple of 440?
False
Is 1077980140 a multiple of 1412?
False
Is 28945604 a multiple of 788?
True
Is 2632091 a multiple of 134?
False
Is 35887212 a multiple of 36?
True
Does 122 divide 17997196?
True
Is 157207092 a multiple of 52?
False
Is 210166938 a multiple of 10?
False
Is 253 a factor of 37883875?
False
Is 20 a factor of 8887940?
True
Does 113 divide 173691622?
True
Does 47 divide 74896067?
False
Is 5 a factor of 10477556?
False
Is 116837692 a multiple of 1073?
False
Is 2752655 a multiple of 3?
False
Is 219 a factor of 122153382?
True
Is 51060106 a multiple of 6?
False
Is 12 a factor of 24760516?
False
Is 968400 a multiple of 450?
True
Does 8 divide 32454298?
False
Is 31016971 a multiple of 7?
False
Is 80402766 a multiple of 597?
True
Is 1353575980 a multiple of 756?
False
Is 546 a factor of 1301659086?
True
Is 34 a factor of 688655040?
True
Is 299466 a multiple of 9?
True
Is 113618373 a multiple of 347?
False
Is 10173774 a multiple of 214?
True
Is 2770580 a multiple of 20?
True
Does 111 divide 1155590358?
False
Is 4052 a factor of 5132712972?
True
Is 426 a factor of 462414480?
True
Is 728 a factor of 20065958?
False
Is 586 a factor of 684721662?
True
Does 35 divid